{"id":47,"date":"2020-09-24T14:49:05","date_gmt":"2020-09-24T11:49:05","guid":{"rendered":"http:\/\/hyvafiil.asiakkaat.sigmatic.fi\/kauppa\/?post_type=product&#038;p=47"},"modified":"2026-05-04T13:06:40","modified_gmt":"2026-05-04T10:06:40","slug":"pt-valmennus-1kk","status":"publish","type":"product","link":"https:\/\/hyvafiilis.fi\/kauppa\/tuote\/pt-valmennus-1kk\/","title":{"rendered":"PT-valmennus (starttipaketti)"},"content":{"rendered":"<p><strong>Starttipaketti sis\u00e4lt\u00e4\u00e4 2-3<\/strong><strong>\u00a0tapaamiskertaa:<\/strong><\/p>\n<ul>\n<li>InBody \u2013 kehonkoostumusmittauksen (tarvittaessa my\u00f6s lihaskuntotestit)<\/li>\n<li>Ravintotsekkauksen ja ohjeistuksen (tarvittaessa ravintop\u00e4iv\u00e4kirjan analysointi)<\/li>\n<li>Henkil\u00f6kohtaisen kunto-ohjelman (liikuntakalenterin) laatimisen seuraavalle 4-6 viikolle<\/li>\n<li>Kaksi yhteist\u00e4 treenikertaa PT:n kanssa<\/li>\n<li>Kuntosali ja ryhm\u00e4liikuntapalveluista -5 %<\/li>\n<\/ul>\n<p>Kohti terveellisemp\u00e4\u00e4 el\u00e4m\u00e4\u00e4 Personal Trainerin opastuksella!<\/p>\n<p>Ota yhteys PT Krista Konttaj\u00e4rveen krista@hyvafiilis.fi tai PT Arvi Kolehmaiseen arvi@hyvafiilis.fi<\/p>\n","protected":false},"excerpt":{"rendered":"<p>Starttipaketti sis\u00e4lt\u00e4\u00e4 2-3\u00a0tapaamiskertaa: InBody \u2013 kehonkoostumusmittauksen (tarvittaessa my\u00f6s lihaskuntotestit) Ravintotsekkauksen ja ohjeistuksen (tarvittaessa ravintop\u00e4iv\u00e4kirjan analysointi) Henkil\u00f6kohtaisen kunto-ohjelman (liikuntakalenterin) laatimisen seuraavalle 4-6 viikolle Kaksi yhteist\u00e4 treenikertaa PT:n kanssa Kuntosali ja ryhm\u00e4liikuntapalveluista -5 % Kohti terveellisemp\u00e4\u00e4 el\u00e4m\u00e4\u00e4 [&hellip;]<\/p>\n","protected":false},"featured_media":109,"template":"","meta":[],"product_cat":[15],"product_tag":[],"_links":{"self":[{"href":"https:\/\/hyvafiilis.fi\/kauppa\/wp-json\/wp\/v2\/product\/47"}],"collection":[{"href":"https:\/\/hyvafiilis.fi\/kauppa\/wp-json\/wp\/v2\/product"}],"about":[{"href":"https:\/\/hyvafiilis.fi\/kauppa\/wp-json\/wp\/v2\/types\/product"}],"wp:featuredmedia":[{"embeddable":true,"href":"https:\/\/hyvafiilis.fi\/kauppa\/wp-json\/wp\/v2\/media\/109"}],"wp:attachment":[{"href":"https:\/\/hyvafiilis.fi\/kauppa\/wp-json\/wp\/v2\/media?parent=47"}],"wp:term":[{"taxonomy":"product_cat","embeddable":true,"href":"https:\/\/hyvafiilis.fi\/kauppa\/wp-json\/wp\/v2\/product_cat?post=47"},{"taxonomy":"product_tag","embeddable":true,"href":"https:\/\/hyvafiilis.fi\/kauppa\/wp-json\/wp\/v2\/product_tag?post=47"}],"curies":[{"name":"wp","href":"https:\/\/api.w.org\/{rel}","templated":true}]}}